{"id":26482,"date":"2026-06-30T07:51:40","date_gmt":"2026-06-30T05:51:40","guid":{"rendered":"https:\/\/zellamseekaprun.at\/veranstaltung\/gefuehrte-wanderung-nahes-gipfelglueck-pt\/"},"modified":"2026-07-02T20:35:16","modified_gmt":"2026-07-02T18:35:16","slug":"gefuehrte-wanderung-nahes-gipfelglueck-pt","status":"publish","type":"tribe_events","link":"https:\/\/zellamseekaprun.at\/pt\/veranstaltung\/gefuehrte-wanderung-nahes-gipfelglueck-pt\/","title":{"rendered":"Caminhada guiada &#8220;Felicidade do cume pr\u00f3ximo&#8221;"},"content":{"rendered":"<p class=\"wp-block-paragraph\">Todas as segundas-feiras, desde in\u00edcio de julho at\u00e9 in\u00edcio de setembro, esta caminhada guiada parte da esta\u00e7\u00e3o de montanha do trassXpress e segue por pastagens alpinas suaves e florestas pitorescas at\u00e9 ao cume do Maurerkogel, a 2.074 metros. Ao chegar ao topo, uma vista panor\u00e2mica sobre as montanhas circundantes recompensa o esfor\u00e7o, antes de regressar ao Schmittenh\u00f6he. Ponto de encontro \u00e0s 9h00 na esta\u00e7\u00e3o do vale do trassXpress; esta caminhada de cerca de quatro horas \u00e9 adequada para quem tenha alguma condi\u00e7\u00e3o f\u00edsica para caminhar.<\/p><p class=\"wp-block-paragraph\">Inscri\u00e7\u00e3o at\u00e9 \u00e0s 12h00 do dia anterior na loja online. Uma agrad\u00e1vel excurs\u00e3o de meio dia para quem procura a felicidade de um cume pr\u00f3ximo, bem acima de Zell am See.<\/p>","protected":false},"excerpt":{"rendered":"<p>Todas as segundas-feiras, desde in\u00edcio de julho at\u00e9 in\u00edcio de setembro, esta caminhada guiada parte da esta\u00e7\u00e3o de montanha do trassXpress e segue por pastagens alpinas suaves e florestas pitorescas [&hellip;]<\/p>\n","protected":false},"author":0,"featured_media":373,"template":"","meta":{"_zsk_hscroll":false,"_tribe_events_status":"","_tribe_events_status_reason":"","footnotes":""},"tags":[],"tribe_events_cat":[332],"class_list":["post-26482","tribe_events","type-tribe_events","status-publish","has-post-thumbnail","hentry","tribe_events_cat-events-pt","cat_events-pt"],"_links":{"self":[{"href":"https:\/\/zellamseekaprun.at\/pt\/wp-json\/wp\/v2\/tribe_events\/26482","targetHints":{"allow":["GET"]}}],"collection":[{"href":"https:\/\/zellamseekaprun.at\/pt\/wp-json\/wp\/v2\/tribe_events"}],"about":[{"href":"https:\/\/zellamseekaprun.at\/pt\/wp-json\/wp\/v2\/types\/tribe_events"}],"version-history":[{"count":1,"href":"https:\/\/zellamseekaprun.at\/pt\/wp-json\/wp\/v2\/tribe_events\/26482\/revisions"}],"predecessor-version":[{"id":26484,"href":"https:\/\/zellamseekaprun.at\/pt\/wp-json\/wp\/v2\/tribe_events\/26482\/revisions\/26484"}],"wp:featuredmedia":[{"embeddable":true,"href":"https:\/\/zellamseekaprun.at\/pt\/wp-json\/wp\/v2\/media\/373"}],"wp:attachment":[{"href":"https:\/\/zellamseekaprun.at\/pt\/wp-json\/wp\/v2\/media?parent=26482"}],"wp:term":[{"taxonomy":"post_tag","embeddable":true,"href":"https:\/\/zellamseekaprun.at\/pt\/wp-json\/wp\/v2\/tags?post=26482"},{"taxonomy":"tribe_events_cat","embeddable":true,"href":"https:\/\/zellamseekaprun.at\/pt\/wp-json\/wp\/v2\/tribe_events_cat?post=26482"}],"curies":[{"name":"wp","href":"https:\/\/api.w.org\/{rel}","templated":true}]}}

Caminhada guiada &#8220;Felicidade do cume próximo&#8221;

<p class="wp-block-paragraph">Todas as segundas-feiras, desde início de julho até início de setembro, esta caminhada guiada parte da estação de montanha do trassXpress e segue por pastagens alpinas suaves e florestas pitorescas até ao cume do Maurerkogel, a 2.074 metros. Ao chegar ao topo, uma vista panorâmica sobre as montanhas circundantes recompensa o esforço, antes de regressar ao Schmittenhöhe. Ponto de encontro às 9h00 na estação do vale do trassXpress; esta caminhada de cerca de quatro horas é adequada para quem tenha alguma condição física para caminhar.</p><p class="wp-block-paragraph">Inscrição até às 12h00 do dia anterior na loja online. Uma agradável excursão de meio dia para quem procura a felicidade de um cume próximo, bem acima de Zell am See.</p>

<p>Todas as segundas-feiras, desde início de julho até início de setembro, esta caminhada guiada parte da estação de montanha do trassXpress e segue por pastagens alpinas suaves e florestas pitorescas [&hellip;]</p>
